
What is the remainder when 18514111 is divided by 6171364?
19
What is the remainder when 2772693 is divided by 8429?
7981
What is the remainder when 114977 is divided by 298?
247
Calculate the remainder when 23780485 is divided by 3267.
3259
Calculate the remainder when 12372851 is divided by 149.
40
What is the remainder when 4043785 is divided by 459?
454
What is the remainder when 5754636 is divided by 7?
6
Calculate the remainder when 5022338 is divided by 2624.
2
Calculate the remainder when 6223612 is divided by 1622.
1620
Calculate the remainder when 5484492 is divided by 5816.
4
Calculate the remainder when 1741296 is divided by 1741289.
7
Calculate the remainder when 6289913 is divided by 204.
185
What is the remainder when 461024142 is divided by 4508?
4506
What is the remainder when 1278974 is divided by 5285?
4
Calculate the remainder when 148445144 is divided by 45.
44
What is the remainder when 114047833 is divided by 33?
31
Calculate the remainder when 2154898 is divided by 996.
550
Calculate the remainder when 167558 is divided by 335.
58
What is the remainder when 38243908 is divided by 11?
10
What is the remainder when 140212 is divided by 3958?
1682
Calculate the remainder when 20517213 is divided by 789123.
15
What is the remainder when 180908 is divided by 562?
506
Calculate the remainder when 67529 is divided by 1208.
1089
Calculate the remainder when 140709 is divided by 1871.
384
What is the remainder when 345774 is divided by 173?
120
Calculate the remainder when 798771 is divided by 2504.
2499
Calculate the remainder when 177403 is divided by 3208.
963
What is the remainder when 1613529 is divided by 4235?
4229
What is the remainder when 40974370 is divided by 61?
60
What is the remainder when 7342523 is divided by 252?
251
Calculate the remainder when 1417337 is divided by 48.
41
What is the remainder when 9831065 is divided by 10?
5
What is the remainder when 2230125 is divided by 124?
109
What is the remainder when 23310320 is divided by 3636?
3560
Calculate the remainder when 33030008 is divided by 61.
33
Calculate the remainder when 3947848 is divided by 4898.
60
What is the remainder when 485320 is divided by 62?
46
Calculate the remainder when 60036 is divided by 1658.
348
What is the remainder when 85004 is divided by 3056?
2492
What is the remainder when 51896 is divided by 25501?
894
Calculate the remainder when 4352 is divided by 1.
0
Calculate the remainder when 3466403 is divided by 1733194.
15
Calculate the remainder when 26295 is divided by 8267.
1494
Calculate the remainder when 1175142383 is divided by 913.
910
What is the remainder when 824267 is divided by 3945?
3707
What is the remainder when 1609139 is divided by 321826?
9
What is the remainder when 125440 is divided by 5060?
4000
What is the remainder when 98399247 is divided by 1125?
1122
Calculate the remainder when 335900 is divided by 66364.
4080
Calculate the remainder when 253960 is divided by 13999.
1978
What is the remainder when 51996738 is divided by 873?
858
What is the remainder when 12653102 is divided by 18?
2
Calculate the remainder when 39565538 is divided by 3516.
3506
Calculate the remainder when 12727393 is divided by 606064.
49
Calculate the remainder when 326162 is divided by 269.
134
Calculate the remainder when 2464568 is divided by 84.
8
Calculate the remainder when 5025949 is divided by 481.
461
Calculate the remainder when 220033 is divided by 6003.
3925
What is the remainder when 516608 is divided by 630?
8
What is the remainder when 277996 is divided by 2124?
1876
Calculate the remainder when 195500 is divided by 1052.
880
Calculate the remainder when 2830402 is divided by 149.
147
Calculate the remainder when 863082 is divided by 39231.
0
Calculate the remainder when 13397168 is divided by 11480.
8
Calculate the remainder when 12166387 is divided by 7710.
7
What is the remainder when 3920842 is divided by 7628?
50
Calculate the remainder when 19550 is divided by 18102.
1448
What is the remainder when 655397 is divided by 5702?
5369
What is the remainder when 3435259 is divided by 12311?
490
What is the remainder when 5096977 is divided by 2147?
2146
Calculate the remainder when 95867009 is divided by 54.
53
What is the remainder when 4820345 is divided by 208?
153
What is the remainder when 34308 is divided by 34200?
108
What is the remainder when 139345 is divided by 754?
609
What is the remainder when 707559 is divided by 418?
303
What is the remainder when 32265545 is divided by 21713?
27
Calculate the remainder when 17239 is divided by 16308.
931
Calculate the remainder when 481681 is divided by 42.
25
Calculate the remainder when 910335 is divided by 790.
255
Calculate the remainder when 8309597 is divided by 286537.
24
Calculate the remainder when 16408 is divided by 5438.
94
Calculate the remainder when 162679 is divided by 40651.
75
What is the remainder when 122341 is divided by 4512?
517
Calculate the remainder when 274268 is divided by 106.
46
What is the remainder when 5685527 is divided by 631724?
11
Calculate the remainder when 4513174 is divided by 389.
385
Calculate the remainder when 67715 is divided by 13517.
130
Calculate the remainder when 9906155 is divided by 68.
51
Calculate the remainder when 511997 is divided by 169688.
2933
What is the remainder when 105305 is divided by 3456?
1625
Calculate the remainder when 68728182 is divided by 2719.
19
What is the remainder when 21628727 is divided by 792?
791
What is the remainder when 649281 is divided by 10?
1
Calculate the remainder when 32685091 is divided by 2781.
2779
What is the remainder when 275567 is divided by 22?
17
Calculate the remainder when 8028348 is divided by 1451.
1416
What is the remainder when 314747 is divided by 314728?
19
What is the remainder when 15902347 is divided by 182785?
52
What is the remainder when 254637 is divided by 42438?
9
What is the remainder when 108806 is divided by 3025?
2931
What is the remainder when 115222203 is divided by 2333?
2332
What is the remainder when 143737 is divided by 1045?
572
Calculate the remainder when 750023 is divided by 181.
140
What is the remainder when 124599550 is divided by 352?
350
What is the remainder when 955022 is divided by 478?
456
Calculate the remainder when 148218 is divided by 70.
28
What is the remainder when 75020 is divided by 71976?
3044
What is the remainder when 801459 is divided by 4799?
26
What is the remainder when 36244 is divided by 8560?
2004
What is the remainder when 25823590 is divided by 2415?
2410
Calculate the remainder when 109879 is divided by 5437.
1139
Calculate the remainder when 43348 is divided by 211.
93
What is the remainder when 174807 is divided by 34895?
332
What is the remainder when 10521820 is divided by 3507270?
10
What is the remainder when 14414748 is divided by 6?
0
Calculate the remainder when 564920 is divided by 58.
0
Calculate the remainder when 114066224 is divided by 57033086.
52
What is the remainder when 244636 is divided by 6268?
184
What is the remainder when 133735 is divided by 132736?
999
Calculate the remainder when 71123 is divided by 1549.
1418
Calculate the remainder when 1789375 is divided by 131.
46
What is the remainder when 11786314 is divided by 3768?
10
Calculate the remainder when 82394251 is divided by 9.
7
What is the remainder when 7012726 is divided by 23?
3
What is the remainder when 143563 is divided by 10981?
810
Calculate the remainder when 474045418 is divided by 3.
1
Calculate the remainder when 61959913 is divided by 30979930.
53
Calculate the remainder when 513943 is divided by 85459.
1189
Calculate the remainder when 117558 is divided by 291.
285
What is the remainder when 58159 is divided by 28923?
313
What is the remainder when 54181 is divided by 26611?
959
Calculate the remainder when 14985043 is divided by 2194.
23
What is the remainder when 157377 is divided by 1276?
429
Calculate the remainder when 176966248 is divided by 1151.
1149
What is the remainder when 2770980 is divided by 1195?
970
What is the remainder when 591549629 is divided by 35?
34
Calculate the remainder when 14900675 is divided by 42818.
11
What is the remainder when 169364 is divided by 4333?
377
What is the remaind